s the value of 4 - (7 - (12 + -6))?
3
Evaluate -1 + (-8 - (4 + -10)) - -7.
4
Calculate (1 - 0 - (55 + -50)) + 1.
-3
(-3 - -7) + -3 - (-1 + -1)
3
(0 - -3 - 4) + -1
-2
What is the value of -2 + (-3 - (-6 + -4))?
5
Evaluate -3 - (-5 + -1 - -5).
-2
Evaluate 3 + -5 + 2 + 2 + -3.
-1
Calculate 7 + -12 + (-2 - -9).
2
Evaluate (-1 - 1) + (0 - 0).
-2
Calculate (0 - 3) + -2 + 5.
0
What is the value of (-9 - 0) + -19 + 23 + 8?
3
Calculate (1 - (3 + -1)) + -3 + -1.
-5
What is 10 - (-7 - (-2 - (6 + 6)))?
3
What is the value of -4 - -9 - -1 - (4 - 2)?
4
Calculate 0 - 0 - (8 + -22 - -16).
-2
Evaluate -2 + -1 - (-19 + 7).
9
(3 - ((-1 - 4) + 9)) + -3
-4
Calculate -5 - (40 - 44 - (-7 - 0)).
-8
58 - 59 - (3 + (-2 - -2))
-4
What is (-6 - -1) + 10 + -10 - -10?
5
What is the value of (11 - 5 - -9) + (1 - 7)?
9
Calculate -2 + -6 + (10 + -5 - -1).
-2
Evaluate (-4 - 7) + (10 - 4).
-5
What is the value of 7 - (5 + -1 + -2)?
5
(-4 - (-10 + 2)) + -4 + 4
4
Evaluate 3 + 3 + -2 + 1.
5
What is -1 + (-5 + 11 - 5)?
0
Calculate -23 - -20 - (1 - 0).
-4
-1 + (0 - 1 - (-25 - -25))
-2
-20 + 16 + (1 - -5)
2
-6 + (-6 - -1 - (-12 - -2))
-1
Evaluate -4 + (9 + -4 - 0) + 0.
1
0 + (-1 - (-1 + 5 - 2))
-3
-1 + 6 + 0 + (-2 - -4)
7
Evaluate -3 - (-2 + (1 - -2)).
-4
-6 - (-1 + -5 + 3 + -5)
2
4 + 3 + (-5 - 2)
0
What is the value of -2 - -7 - ((-12 - -6) + 6)?
5
-8 + 5 + -2 + 0
-5
What is the value of 3 + -5 + (-4 - -5)?
-1
Calculate (16 - 11) + -7 + 2.
0
(-9 - -18) + (-21 - 0) - -8
-4
Evaluate 0 + (-8 - -4) + 12 - 4.
4
What is (-4 - -2) + 7 + -9?
-4
What is 7 - (-1 - -4) - 4?
0
Evaluate 7 + -13 - -14 - 5.
3
What is -18 + 21 + (-2 - 8) - -3?
-4
What is the value of -1 + (-2 - 3) - -3?
-3
What is the value of -1 + -1 - (-3 - 21 - -16)?
6
What is -6 + 2 + -2 + (6 - -2)?
2
What is the value of 13 + -8 + -9 - -1?
-3
What is the value of (-6 - (-7 - -4)) + 4?
1
What is -4 - 3 - -10 - 1?
2
Calculate 5 + (-3 - 4) - (0 + 1).
-3
What is (5 + -15 - -5) + 1 + 6?
2
Evaluate 1 + 2 + (122 - 123).
2
-3 + (-3 - -4) + -2 + -5
-9
What is the value of -1 + -8 + -110 + 114?
-5
(-1 - (0 + 0 + 0)) + -4
-5
Calculate 2 + 1 + -10 + 6 + -1.
-2
What is 70 + -62 - (1 - (-1 - 1))?
5
Calculate (-11 - -2 - -10) + 3.
4
What is 1 + 1 + (-9 + 7 - -3)?
3
What is (2 - 1) + (-13 - -8)?
-4
Calculate 3 + -4 + -4 + 4.
-1
What is the value of 1 - 2 - (-3 + -7 - -5)?
4
Calculate 15 - (7 - (-7 + (-2 - -12))).
11
What is the value of (10 + -10 - -13) + -12?
1
Evaluate -9 + 1 + (-3 - (13 - 21)).
-3
Calculate 3 - (8 - 6 - (-1 - -1)).
1
Evaluate (-34 - -28) + -1 + 8.
1
What is -12 - -12 - (-1 - 0) - 0?
1
(5 - 4 - -4) + -29 + 23
-1
What is the value of (-84 + 81 - (1 - -1)) + 7?
2
What is the value of 4 - -2 - (4 - (-5 - -5))?
2
Calculate 2 + -3 + 3 + 5 + -4.
3
Calculate -1 - -2 - (2 + -1 - 0).
0
Evaluate -14 + (19 - 5) - -10.
10
What is -6 - (-3 + -3) - -5?
5
Calculate -10 + (8 - 0) + 9.
7
(1 - 2 - -3) + -3
-1
-4 + (6 - (2 - 4))
4
(0 - -7) + 40 + -18 + -32
-3
What is the value of 9 - (11 - (-12 - -13))?
-1
5 - 6 - 3 - -5
1
What is the value of 9 + -1 - ((1 - -9) + -7)?
5
What is 2 - (4 - (-8 - -6))?
-4
What is (3 - -1) + 0 - (-29 + 31)?
2
What is the value of 0 + (-2 - (-8 - 2))?
8
What is 4 + -8 + (4 - 4)?
-4
Calculate 5 + -7 + 1 + -3.
-4
Evaluate -2 - (3 + -4 - 7 - -3).
3
6 + (-11 - -4) + -2 - -4
1
Evaluate 0 - 5 - -3 - -7.
5
(10 - 4) + -4 + (-1 - -2)
3
What is the value of 26 + -22 + (-7 - -1)?
-2
What is the value of 1 + 0 + (-10 - -5)?
-4
Calculate (0 - (-2 + 0)) + (1 - 12).
-9
What is the value of (-1 - 8) + (-118 - -119)?
-8
What is 33 + -24 - (0 - (-5 - -3))?
7
Calculate 3 + 1 - (15 - 11).
0
Calculate -3 + (2 - 3) - -4.
0
What is the value of 1 - 4 - ((5 - -12) + -18)?
-2
What is 6 - 1 - (9 - 1)?
-3
(4 - 18) + 1 + 3 + 2
-8
(-3 - ((0 - -2) + -5)) + -2
-2
-16 + 6 + 7 + -3 + 3
-3
What is the value of 2 + -2 + (-3 - 3)?
-6
5 - (4 + -2) - -2
5
Calculate 0 + -5 + (0 - (1 - 1)).
-5
What is 3 - (-4 + -9 + 12)?
4
What is 1 - (2 + 3 - (5 + -3))?
-2
What is (-3 - -5) + -2 - -3?
3
What is the value of -3 - (-2 + (4 - 3) + 3)?
-5
14 + (-13 - -11) + -9
3
Evaluate (-1 - -3 - -5) + (2 - 4).
5
What is 1 + (3 - (-2 + 3)) - -1?
4
What is 2 + (-12 - (5 - 11)) - -9?
5
What is the value of 6 + -4 - (2 - -2)?
-2
Calculate -2 + (0 - -4 - (-1 + 1)).
2
What is (-3 - (-1 + -1 + 0)) + -2?
-3
Calculate (18 - 21) + 2 + -1 + 6.
4
What is -1 + (-2 - -2) + -4?
-5
(0 - 3) + 11 + -10 - 1
-3
Evaluate -5 + 4 + -4 - -1.
-4
What is the value of -8 - (14 + -9) - -14?
1
What is 2 + -11 + (2 - -4)?
-3
10 + -7 + (-3 - (-5 - -3))
2
Evaluate -1 + (4 + -6 - 2) + 0.
-5
Evaluate -1 + 1 - (1 + 5).
-6
Calculate 1 + 3 + (-2 - (6 + -5)).
1
What is the value of -7 + 4 - -9 - 3?
3
-4 + (3 - (6 - 1) - -6)
0
Calculate (-1 - 0 - (-12 + 10)) + 0.
1
Evaluate 3 - (8 - (-4 + 9) - 0).
0
1 - (5 + -5 - (1 - -3))
5
What is the value of (1 - (-5 - (-2 + 4))) + -17?
-9
Calculate (-7 - (-5 - -3)) + 2 - 1.
-4
(-3 - 6) + 17 - 3
5
Evaluate -6 - -3 - (12 - 16).
1
What is 1 - (7 + 1 - (0 - -4))?
-3
1 + -4 + 6 - (0 - 0)
3
Evaluate -3 - (0 + (-3 - -6 - 0)).
-6
-2 + 2 + (-1 - (0 + -2))
1
Calculate 8 + -4 + -1 + (2 - 2).
3
Calculate -21 + 3 + 4 + 5.
-9
What is the value of -10 + 1 + 11 - (7 - 1)?
-4
-2 + (6 - 3 - -1)
2
What is -6 + (0 - 3 - -3 - -1)?
-5
Evaluate -5 + -4 + 3 + 3.
-3
Evaluate 3 + 0 + 0 + -3 - -3.
3
0 - (4 + 2) - (-2 - 0)
-4
Calculate (0 - 4) + (11 - 21) + 18.
4
What is -7 + 0 + (24 - 21 - -9)?
5
What is -15 - -20 - (7 + 1)?
-3
What is 3 + 4 + -7 + 1?
1
5 - (-3 - (5 + -7))
6
What is the value of -1 + (-2 + 11 - 5)?
3
What is 7 - (1 - 5 - -5)?
6
What is the value of 1 + -7 + 2 + -6 + 8?
-2
9 + -3 + (8 - 24)
-10
(2 + 12 - 16) + 7 + -2
3
What is the value of -12 - (12 - (13 - -10))?
-1
What is the value of (1 - 7) + (-7 - (3 + -13))?
-3
What is the value of 4 + (-6 - 0) + 2?
0
What is the value of (-3 - 2 - -6) + -4?
-3
Calculate -7 - (5 - 2 - 4).
-6
What is 9 + -3 - (4 - (1 - -2))?
5
What is the value of -1 - (-6 - -9) - -4?
0
-3 - (2 - (0 + -1 + 4))
-2
What is the value of (3 + 1 - 2) + 2 + 4?
8
What is the value of -13 + (14 - (-10 - -17))?
-6
What is 1 + (0 + 2 - 1) + -5?
-3
0 + 1 - (0 + -1 + 0)
2
Evaluate (-2 - -8) + -3 - (-4 - -6).
1
What is the value of 4 + 1 - (-26 + 27)?
4
(9 - 5 - -5) + -3
6
(-8 - -10) + -13 + 7
-4
Calculate 2 - -2 - (57 + -59).
6
What is -1 + (10 - -1) - (185 + -181)?
6
Calculate (1 - 0) + (10 - 8).
3
What is the value of -5 + (-3 - -8 - 2 - -3)?
1
Evaluate 11 - 1 - (2 + (-4 - -4)).
8
What is (1 - 1) + 0 - (-66 - -59)?
7
What is the value of 124 + -112 - (10 + -1)?
3
-3 - (-3 + 5 - 3 - -2)
-4
Evaluate -6 - (-2 - (-3 - -3) - 2).
-2
Evaluate (13 - 11 - (-2 + -1)) + 0.
5
What is 8 + -10 + 6 + 2 + -1?
5
What is the value of 3 + 0 + -1 - (86 + -82)?
-2
Evaluate 5 - (-10 + 6) - 5.
4
(-64 - -70) + -1 + -13
-8
Evaluate -1 - 0 - (3 - 6).
2
What is the value of -5 - -9 - (8 + 1)?
-5
-2 + 1 + 1 + (2 - 4)
-2
Calculate 3 - (-2 + 3 - -4).
-2
What is the value of 0 - ((0 - -8) + -6 + 2)?
-4
Evaluate ((-2 - -8) + 1 - 19) + 4.
-8
What is the value of (2 - -3) + -5 + (8 - 13)?
-5
Calculate -1 + -1 + (3 - 4).
-3
What is the value of (-8 - 5) + -12 + 18?
-7
Evaluate (-3 - (0 - 3)) + (7 - 5).
2
-1 + 6 + (-4 - (6 + -9))
4
What is 5 - 11 - -14 - 2?
6
What is -1 + -3 - (3 - (-1 + 5))?
-3
What is the value of (3 + -3 - 4) + 10 + -2?
4
What is 22 + -16 - (7 - -2)?
-3
Calculate 4 - (11 + -7 - 5).
5
What is the value of -6 - (5 - (11 + -2))?
-2
Evaluate 2 + 0 + (2 - -1).
5
What is 0 - (4 - (3 + -3)) - -3?
-1
Calculate -5 + (5 - (3 - (-3 + 5))).
-1
What is the value of -8 + 0 + 6 + 0?
-2
(3 + 1 - 7) + 0 + -4
-7
(3 + -7 - -2) + -21 + 25
2
Calculate -7 + -8 + 10 + 0 + 11.
6
Calculate -2 - (3 + 2 + -8).
1
Calculate 1 + 0 + 73 + -74.
0
Evaluate 0 - ((-4 - (-4 + 1)) + -1).
2
What is the value of -1 + 4 + 1 + -9?
-5
What is the value of -19 + 10 + (14 - 4)?
1
What is -9 + 10 + 5 + -10?
-4
Calculate 7 - 7 - (0 - 6 - 1).
7
What is the value of -9 + -1 + (29 - 18)?
1
(5 - 4) + 3 + 0
4
Calculate (24 + -12 - 4) + -18.
-10
What is 0 + 1 + -1 - (-7 + 10)?
-3
Calculate 4 - (4 - (-1 - 1) - 4).
2
Evaluate 8 + -5 + -1 + 0.
2
What is the value of 9 + (-15 - ((-17 - -3) + 7))?
1
Evaluate (7 - 1) + (-27 - -9 - -13).
1
32 + -33 - (9 - 4)
-6
What is 0 - (-22 + 10) - 14?
-2
-3 - (-1 - (11 - -1)) - 2
8
Calculate (4 - (